{"id":3053,"date":"2024-02-07T10:40:29","date_gmt":"2024-02-07T09:40:29","guid":{"rendered":"https:\/\/cos.uek.krakow.pl\/biuro-stypendiow-i-ubezpieczen-zdrowotnych\/?page_id=3053"},"modified":"2025-09-18T12:46:33","modified_gmt":"2025-09-18T10:46:33","slug":"stypendium-rektora","status":"publish","type":"page","link":"https:\/\/cos.uek.krakow.pl\/biuro-stypendiow-i-ubezpieczen-zdrowotnych\/stypendium-rektora\/","title":{"rendered":"Stypendium Rektora"},"content":{"rendered":"\t\t<div data-elementor-type=\"wp-page\" data-elementor-id=\"3053\" class=\"elementor elementor-3053\" data-elementor-post-type=\"page\">\n\t\t\t\t<div class=\"elementor-element elementor-element-9ba142c e-flex e-con-boxed e-con e-parent\" data-id=\"9ba142c\" data-element_type=\"container\" data-e-type=\"container\">\n\t\t\t\t\t<div class=\"e-con-inner\">\n\t\t<div class=\"elementor-element elementor-element-8105ab9 e-con-full e-flex e-con e-child\" data-id=\"8105ab9\" data-element_type=\"container\" data-e-type=\"container\">\n\t\t\t\t<div class=\"elementor-element elementor-element-2b06ac6 elementor-widget elementor-widget-text-editor\" data-id=\"2b06ac6\" data-element_type=\"widget\" data-e-type=\"widget\" data-widget_type=\"text-editor.default\">\n\t\t\t\t<div class=\"elementor-widget-container\">\n\t\t\t\t\t\t\t\t\t<p><strong>KRYTERIUM PRZYZNAWANIA<\/strong><\/p><p><strong><u>Student pierwszego roku studi\u00f3w pierwszego stopnia<\/u><\/strong>\u00a0mo\u017ce ubiega\u0107 si\u0119 o to stypendium, je\u017celi zosta\u0142 przyj\u0119ty na pierwszy rok studi\u00f3w w roku z\u0142o\u017cenia egzaminu maturalnego oraz jest<\/p><p>\u2013 laureatem olimpiady mi\u0119dzynarodowej lub finalist\u0105 olimpiady stopnia centralnego,<br \/>o kt\u00f3rych mowa w przepisach o systemie o\u015bwiaty,<\/p><p>-medalist\u0105 co najmniej wsp\u00f3\u0142zawodnictwa sportowego o tytu\u0142 Mistrza Polski w danym sporcie, o kt\u00f3rych mowa w przepisach o sporcie.<\/p><p><strong><u>Student pierwszego roku studi\u00f3w drugiego stopnia<\/u><\/strong>\u00a0mo\u017ce ubiega\u0107 si\u0119 o przyznanie stypendium rektoraje\u017celi studia drugiego stopnia rozpocz\u0105\u0142 w terminie roku od uko\u0144czenia studi\u00f3w pierwszego stopnia i na ostatnim roku studi\u00f3w pierwszego stopnia:<\/p><p>\u2013 uzyska\u0142 wyr\u00f3\u017cniaj\u0105ce wyniki w nauce lub<\/p><p>\u2013 uzyska\u0142 osi\u0105gni\u0119cia naukowe lub artystyczne, lub osi\u0105gni\u0119cia sportowe we wsp\u00f3\u0142zawodnictwieconajmniej na poziomie krajowym.<\/p><p><strong><u>Student, b\u0119d\u0105cy w trakcie studi\u00f3w,<\/u><\/strong>\u00a0mo\u017ce ubiega\u0107 si\u0119 o przyznanie stypendium rektora je\u017celi zaliczy\u0142 wszystkie przedmioty wynikaj\u0105ce z programu roku\/semestru studi\u00f3w uzyskuj\u0105c bezwarunkowy wpis na kolejny rok\/semestr oraz w okresie poprzedniego roku akademickiego:<\/p><p>\u2013 uzyska\u0142 wyr\u00f3\u017cniaj\u0105ce wyniki w nauce lub<\/p><p>\u2013 uzyska\u0142 osi\u0105gni\u0119cia naukowe lub artystyczne, lub osi\u0105gni\u0119cia sportowe we wsp\u00f3\u0142zawodnictwieco najmniej na poziomie krajowym.<\/p><div>Szczeg\u00f3\u0142owy wykaz osi\u0105gni\u0119\u0107 i spos\u00f3b ich potwierdzania zawiera za\u0142\u0105cznik 4:\u00a0<\/div><div><ul><li><a href=\"https:\/\/cos.uek.krakow.pl\/wp-content\/uploads\/2024\/07\/Zal.-4_do_Regulaminu-swiadczen.pdf\">Za\u0142\u0105cznik nr 4 obowi\u0105zuj\u0105cy w semestrze zimowym 2025\/2026<\/a><\/li><li><a href=\"https:\/\/cos.uek.krakow.pl\/biuro-stypendiow-i-ubezpieczen-zdrowotnych\/wp-content\/uploads\/sites\/2\/2025\/09\/zal_4_do_Regulaminu-swiadczen_Wykaz-osiagniec.pdf\">Za\u0142\u0105cznik nr 4 obowi\u0105zuj\u0105cy od semestru letniego 2025\/2026<\/a><\/li><\/ul><\/div><p>Stypendium rektora mo\u017ce otrzyma\u0107 nie wi\u0119cej ni\u017c 10% student\u00f3w ka\u017cdego kierunku studi\u00f3w.<\/p><p>W tym celu \u015bredniej ocen oraz poszczeg\u00f3lnym osi\u0105gni\u0119ciom przypisuje si\u0119 warto\u015bci punktowe i tworzy si\u0119\u00a0<strong>RANKING<\/strong>\u00a0dla student\u00f3w poszczeg\u00f3lnych kierunk\u00f3w studi\u00f3w, odr\u0119bnie dla ka\u017cdego roku studi\u00f3w, a tak\u017ce z uwzgl\u0119dnieniem poziomu kszta\u0142cenia (stopie\u0144 pierwszy, stopie\u0144 drugi).<\/p><p>Wy\u0142anianie grupy najlepszych student\u00f3w \u2013 stypendyst\u00f3w odbywa si\u0119 w dw\u00f3ch etapach:<\/p><ol><li>Ranking Wst\u0119pny,<\/li><li>Ranking Ostateczny.<\/li><\/ol><p>Stypendium rektora przyznaje si\u0119 odr\u0119bnie dla student\u00f3w z rekrutacji pa\u017adziernikowej<br \/>i marcowej.<\/p><p><strong><u>Stypendium rektora \u2013 dodatkowe osi\u0105gni\u0119cia nieuj\u0119te w Regulaminie \u015bwiadcze\u0144 dla student\u00f3w UEK w Krakowie<\/u><\/strong><\/p><p>W przypadku posiadania osi\u0105gni\u0119cia naukowego, artystycznego lub wyniku sportowego nieuj\u0119tego w niniejszym regulaminie, Komisja Stypendialna,\u00a0<strong>na pisemny wniosek studenta<\/strong>, mo\u017ce uzna\u0107 takie osi\u0105gni\u0119cie i przyzna\u0107 punkty. Komisja mo\u017ce tak\u017ce zasi\u0119gn\u0105\u0107 opinii w\u0142a\u015bciwych os\u00f3b, organizacji lub organ\u00f3w w sprawie rangi lub zasi\u0119gu przedstawionego przez studenta osi\u0105gni\u0119cia lub wyniku.<\/p><p><strong>Studenci chc\u0105cy skorzysta\u0107 z tego prawa proszeni s\u0105 o dostarczenie poda\u0144 do Komisji Stypendialnej z potwierdzeniem od organizatora zasi\u0119gu i rangi przedstawionego osi\u0105gni\u0119cia.<\/strong><\/p><p><strong>Podania nale\u017cy sk\u0142ada\u0107 w Parlamencie Studenckim UEK.<br \/><\/strong><\/p><p><a href=\"https:\/\/cos.uek.krakow.pl\/biuro-stypendiow-i-ubezpieczen-zdrowotnych\/wp-content\/uploads\/sites\/2\/2025\/09\/Wzor-wniosku-o-uwzglednienie-dodatkowych-osiagniec-1.docx\">Wz\u00f3r wniosku o uznanie dodatkowych punkt\u00f3w<\/a><\/p><p>Po uznaniu\/nieuznaniu przez Komisj\u0119 Stypendialn\u0105 osi\u0105gni\u0119cia\u00a0<strong>student zostanie powiadomiony o przyznanej liczbie punkt\u00f3w drog\u0105 elektroniczn\u0105 na wskazany przez niego adres mailowy.<\/strong><\/p><p><a href=\"https:\/\/bip.uek.krakow.pl\/attachments\/7863\/download\">TERMIN REJESTRACJI I DOSTARCZENIA WNIOSK\u00d3W<\/a><\/p><p><strong>SPOS\u00d3B SK\u0141ADANIA WNIOSKU<\/strong><\/p><p>Sk\u0142adanie wniosk\u00f3w\u00a0 odbywa si\u0119 w dw\u00f3ch etapach:<\/p><h4><strong>Etap I<\/strong><strong>\u00a0\u00a0<\/strong><\/h4><p>elektroniczna rejestracja wniosk\u00f3w o stypendia\u00a0w systemie\u00a0<a href=\"https:\/\/usosweb.uek.krakow.pl\/\"><strong>USOSweb<\/strong><\/a><\/p><p>zak\u0142adka<em>\u00a0Dla wszystkich \/ Wnioski<\/em><\/p><h4><strong>Etap II<\/strong><\/h4><p>dostarczenie do weryfikacji do Biura Stypendi\u00f3w i Ubezpiecze\u0144 Zdrowotnych\u00a0 podpisanych wydruk\u00f3w<br \/>z USOS wraz z za\u0142\u0105cznikami.<\/p><p><strong>REGULAMIN<\/strong><\/p><ul><li><a href=\"https:\/\/cos.uek.krakow.pl\/biuro-stypendiow-i-ubezpieczen-zdrowotnych\/wp-content\/uploads\/sites\/2\/2025\/09\/zal_1_do_R.0211.45.2025_Regulamin.pdf\">Regulamin \u015bwiadcze\u0144 dla student\u00f3w UEK<\/a><\/li><li><a href=\"https:\/\/cos.uek.krakow.pl\/biuro-stypendiow-i-ubezpieczen-zdrowotnych\/wp-content\/uploads\/sites\/2\/2025\/09\/zal_1_do_Regulaminu-swiadczen.pdf\">Za\u0142\u0105cznik nr 1<\/a><\/li><li><a href=\"https:\/\/cos.uek.krakow.pl\/biuro-stypendiow-i-ubezpieczen-zdrowotnych\/wp-content\/uploads\/sites\/2\/2025\/09\/zal_2_do_Regulaminu-swiadczen_wykaz-dokumentow.pdf\">Za\u0142\u0105cznik nr 2<\/a><\/li><li><a href=\"https:\/\/cos.uek.krakow.pl\/biuro-stypendiow-i-ubezpieczen-zdrowotnych\/wp-content\/uploads\/sites\/2\/2025\/09\/zal_3_do_Regulaminu-swiadczen_oswiadczenie-o-dochodach-niepodlegajacych-opodatkowaniu.pdf\">Za\u0142\u0105cznik nr 3<\/a><\/li><li><a href=\"https:\/\/cos.uek.krakow.pl\/wp-content\/uploads\/2024\/07\/Zal.-4_do_Regulaminu-swiadczen.pdf\">Za\u0142\u0105cznik nr 4 obowi\u0105zuj\u0105cy w semestrze zimowym 2025\/2026<\/a><\/li><li><a href=\"https:\/\/cos.uek.krakow.pl\/biuro-stypendiow-i-ubezpieczen-zdrowotnych\/wp-content\/uploads\/sites\/2\/2025\/09\/zal_4_do_Regulaminu-swiadczen_Wykaz-osiagniec.pdf\">Za\u0142\u0105cznik nr 4 obowi\u0105zuj\u0105cy od semestru letniego 2025\/2026<\/a><\/li><li><a href=\"https:\/\/cos.uek.krakow.pl\/biuro-stypendiow-i-ubezpieczen-zdrowotnych\/wp-content\/uploads\/sites\/2\/2025\/09\/zal_4a_do_Regulaminu-swiadczen_zaswiadczenie-o-udziale-w-badaniu-naukowym.pdf\">Za\u0142\u0105cznik nr 4a<\/a><\/li><li><a href=\"https:\/\/cos.uek.krakow.pl\/biuro-stypendiow-i-ubezpieczen-zdrowotnych\/wp-content\/uploads\/sites\/2\/2025\/09\/zal_4b_do_Regulaminu-swiadczen_wzor-zaswiadczenia-o-ukonczeniu-studiow-pierwszego-stopnia.pdf\">Za\u0142\u0105cznik nr 4b<\/a><\/li><li><a href=\"https:\/\/cos.uek.krakow.pl\/biuro-stypendiow-i-ubezpieczen-zdrowotnych\/wp-content\/uploads\/sites\/2\/2025\/09\/zal_5_do_Regulaminu-swiadczen_Zasady-przyznawania-miejsc-w-DS.pdf\">Za\u0142\u0105cznik nr 5<\/a><\/li><li><a href=\"https:\/\/cos.uek.krakow.pl\/biuro-stypendiow-i-ubezpieczen-zdrowotnych\/wp-content\/uploads\/sites\/2\/2025\/09\/zal_6_do_Regulaminu-swiadczen_oswiadczenie-studenta.pdf\">Za\u0142\u0105cznik nr 6<\/a><\/li><\/ul><p><strong>AKTY PRAWNE<\/strong><\/p><ul><li><a href=\"https:\/\/isap.sejm.gov.pl\/isap.nsf\/download.xsp\/WDU20180001668\/U\/D20181668Lj.pdf\"><u>Ustawa z dnia 20 lipca 2018 r. \u2013 Prawo o szkolnictwie wy\u017cszym i nauce<\/u><\/a><\/li><\/ul><p><strong>Obs\u0142ug\u0105 student\u00f3w dla poszczeg\u00f3lnych kierunk\u00f3w studi\u00f3w zajmuje si\u0119:<br \/><\/strong>Biuro Stypendi\u00f3w i Ubezpiecze\u0144 Zdrowotnych<br \/>Budynek G\u0142\u00f3wny, II pi\u0119tro, pok. 215 \u2013 218<\/p>\t\t\t\t\t\t\t\t<\/div>\n\t\t\t\t<\/div>\n\t\t\t\t<\/div>\n\t\t\t\t\t<\/div>\n\t\t\t\t<\/div>\n\t\t\t\t<\/div>\n\t\t","protected":false},"excerpt":{"rendered":"<p>KRYTERIUM PRZYZNAWANIA Student pierwszego roku studi\u00f3w pierwszego stopnia\u00a0mo\u017ce ubiega\u0107 si\u0119 o to stypendium, je\u017celi zosta\u0142 przyj\u0119ty na pierwszy rok studi\u00f3w w roku z\u0142o\u017cenia egzaminu maturalnego oraz jest \u2013 laureatem olimpiady mi\u0119dzynarodowej lub finalist\u0105 olimpiady stopnia centralnego,o kt\u00f3rych mowa w przepisach o systemie o\u015bwiaty, -medalist\u0105 co najmniej wsp\u00f3\u0142zawodnictwa sportowego o tytu\u0142 Mistrza Polski w danym sporcie, o kt\u00f3rych mowa w przepisach o sporcie. Student pierwszego roku studi\u00f3w drugiego stopnia\u00a0mo\u017ce ubiega\u0107 si\u0119 o przyznanie stypendium rektoraje\u017celi studia drugiego stopnia rozpocz\u0105\u0142 w terminie roku od uko\u0144czenia studi\u00f3w pierwszego stopnia i na ostatnim roku studi\u00f3w pierwszego stopnia: \u2013 uzyska\u0142 wyr\u00f3\u017cniaj\u0105ce wyniki w nauce lub \u2013 uzyska\u0142 osi\u0105gni\u0119cia naukowe lub artystyczne, lub osi\u0105gni\u0119cia sportowe we wsp\u00f3\u0142zawodnictwieconajmniej na poziomie krajowym. Student, b\u0119d\u0105cy w trakcie studi\u00f3w,\u00a0mo\u017ce ubiega\u0107 si\u0119 o przyznanie stypendium rektora je\u017celi zaliczy\u0142 wszystkie przedmioty wynikaj\u0105ce z programu roku\/semestru studi\u00f3w uzyskuj\u0105c bezwarunkowy wpis na kolejny rok\/semestr oraz w okresie poprzedniego roku akademickiego: \u2013 uzyska\u0142 wyr\u00f3\u017cniaj\u0105ce wyniki w nauce lub \u2013 uzyska\u0142 osi\u0105gni\u0119cia naukowe lub artystyczne, lub osi\u0105gni\u0119cia sportowe we wsp\u00f3\u0142zawodnictwieco najmniej na poziomie krajowym. Szczeg\u00f3\u0142owy wykaz osi\u0105gni\u0119\u0107 i spos\u00f3b ich potwierdzania zawiera za\u0142\u0105cznik 4:\u00a0 Za\u0142\u0105cznik nr 4 obowi\u0105zuj\u0105cy w semestrze zimowym 2025\/2026 Za\u0142\u0105cznik nr 4 obowi\u0105zuj\u0105cy od semestru letniego 2025\/2026 Stypendium rektora mo\u017ce otrzyma\u0107 nie wi\u0119cej ni\u017c 10% student\u00f3w ka\u017cdego kierunku studi\u00f3w. W tym celu \u015bredniej ocen oraz poszczeg\u00f3lnym osi\u0105gni\u0119ciom przypisuje si\u0119 warto\u015bci punktowe i tworzy si\u0119\u00a0RANKING\u00a0dla student\u00f3w poszczeg\u00f3lnych kierunk\u00f3w studi\u00f3w, odr\u0119bnie dla ka\u017cdego roku studi\u00f3w, a tak\u017ce z uwzgl\u0119dnieniem poziomu kszta\u0142cenia (stopie\u0144 pierwszy, stopie\u0144 drugi). Wy\u0142anianie grupy najlepszych student\u00f3w \u2013 stypendyst\u00f3w odbywa si\u0119 w dw\u00f3ch etapach: Ranking Wst\u0119pny, Ranking Ostateczny. Stypendium rektora przyznaje si\u0119 odr\u0119bnie dla student\u00f3w z rekrutacji pa\u017adziernikoweji marcowej. Stypendium rektora \u2013 dodatkowe osi\u0105gni\u0119cia nieuj\u0119te w Regulaminie \u015bwiadcze\u0144 dla student\u00f3w UEK w Krakowie W przypadku posiadania osi\u0105gni\u0119cia naukowego, artystycznego lub wyniku sportowego nieuj\u0119tego w niniejszym regulaminie, Komisja Stypendialna,\u00a0na pisemny wniosek studenta, mo\u017ce uzna\u0107 takie osi\u0105gni\u0119cie i przyzna\u0107 punkty. Komisja mo\u017ce tak\u017ce zasi\u0119gn\u0105\u0107 opinii w\u0142a\u015bciwych os\u00f3b, organizacji lub organ\u00f3w w sprawie rangi lub zasi\u0119gu przedstawionego przez studenta osi\u0105gni\u0119cia lub wyniku. Studenci chc\u0105cy skorzysta\u0107 z tego prawa proszeni s\u0105 o dostarczenie poda\u0144 do Komisji Stypendialnej z potwierdzeniem od organizatora zasi\u0119gu i rangi przedstawionego osi\u0105gni\u0119cia. Podania nale\u017cy sk\u0142ada\u0107 w Parlamencie Studenckim UEK. Wz\u00f3r wniosku o uznanie dodatkowych punkt\u00f3w Po uznaniu\/nieuznaniu przez Komisj\u0119 Stypendialn\u0105 osi\u0105gni\u0119cia\u00a0student zostanie powiadomiony o przyznanej liczbie punkt\u00f3w drog\u0105 elektroniczn\u0105 na wskazany przez niego adres mailowy. TERMIN REJESTRACJI I DOSTARCZENIA WNIOSK\u00d3W SPOS\u00d3B SK\u0141ADANIA WNIOSKU Sk\u0142adanie wniosk\u00f3w\u00a0 odbywa si\u0119 w dw\u00f3ch etapach: Etap I\u00a0\u00a0 elektroniczna rejestracja wniosk\u00f3w o stypendia\u00a0w systemie\u00a0USOSweb zak\u0142adka\u00a0Dla wszystkich \/ Wnioski Etap II dostarczenie do weryfikacji do Biura Stypendi\u00f3w i Ubezpiecze\u0144 Zdrowotnych\u00a0 podpisanych wydruk\u00f3wz USOS wraz z za\u0142\u0105cznikami. REGULAMIN Regulamin \u015bwiadcze\u0144 dla student\u00f3w UEK Za\u0142\u0105cznik nr 1 Za\u0142\u0105cznik nr 2 Za\u0142\u0105cznik nr 3 Za\u0142\u0105cznik nr 4 obowi\u0105zuj\u0105cy w semestrze zimowym 2025\/2026 Za\u0142\u0105cznik nr 4 obowi\u0105zuj\u0105cy od semestru letniego 2025\/2026 Za\u0142\u0105cznik nr 4a Za\u0142\u0105cznik nr 4b Za\u0142\u0105cznik nr 5 Za\u0142\u0105cznik nr 6 AKTY PRAWNE Ustawa z dnia 20 lipca 2018 r. \u2013 Prawo o szkolnictwie wy\u017cszym i nauce Obs\u0142ug\u0105 student\u00f3w dla poszczeg\u00f3lnych kierunk\u00f3w studi\u00f3w zajmuje si\u0119:Biuro Stypendi\u00f3w i Ubezpiecze\u0144 ZdrowotnychBudynek G\u0142\u00f3wny, II pi\u0119tro, pok. 215 \u2013 218<\/p>\n","protected":false},"author":5,"featured_media":0,"parent":0,"menu_order":0,"comment_status":"closed","ping_status":"closed","template":"","meta":{"footnotes":""},"class_list":["post-3053","page","type-page","status-publish","hentry"],"_links":{"self":[{"href":"https:\/\/cos.uek.krakow.pl\/biuro-stypendiow-i-ubezpieczen-zdrowotnych\/wp-json\/wp\/v2\/pages\/3053","targetHints":{"allow":["GET"]}}],"collection":[{"href":"https:\/\/cos.uek.krakow.pl\/biuro-stypendiow-i-ubezpieczen-zdrowotnych\/wp-json\/wp\/v2\/pages"}],"about":[{"href":"https:\/\/cos.uek.krakow.pl\/biuro-stypendiow-i-ubezpieczen-zdrowotnych\/wp-json\/wp\/v2\/types\/page"}],"author":[{"embeddable":true,"href":"https:\/\/cos.uek.krakow.pl\/biuro-stypendiow-i-ubezpieczen-zdrowotnych\/wp-json\/wp\/v2\/users\/5"}],"replies":[{"embeddable":true,"href":"https:\/\/cos.uek.krakow.pl\/biuro-stypendiow-i-ubezpieczen-zdrowotnych\/wp-json\/wp\/v2\/comments?post=3053"}],"version-history":[{"count":44,"href":"https:\/\/cos.uek.krakow.pl\/biuro-stypendiow-i-ubezpieczen-zdrowotnych\/wp-json\/wp\/v2\/pages\/3053\/revisions"}],"predecessor-version":[{"id":3829,"href":"https:\/\/cos.uek.krakow.pl\/biuro-stypendiow-i-ubezpieczen-zdrowotnych\/wp-json\/wp\/v2\/pages\/3053\/revisions\/3829"}],"wp:attachment":[{"href":"https:\/\/cos.uek.krakow.pl\/biuro-stypendiow-i-ubezpieczen-zdrowotnych\/wp-json\/wp\/v2\/media?parent=3053"}],"curies":[{"name":"wp","href":"https:\/\/api.w.org\/{rel}","templated":true}]}}